{"id":5357,"date":"2025-12-12T22:05:31","date_gmt":"2025-12-12T22:05:31","guid":{"rendered":"https:\/\/veneludica.com\/?post_type=product&#038;p=5357"},"modified":"2026-01-06T20:17:39","modified_gmt":"2026-01-06T20:17:39","slug":"atlandice","status":"publish","type":"product","link":"https:\/\/veneludica.com\/?product=atlandice","title":{"rendered":"Atlandice"},"content":{"rendered":"<p data-start=\"92\" data-end=\"579\">En un solo d\u00eda y una noche, la isla de <strong data-start=\"131\" data-end=\"143\">Atlantis<\/strong> ha sido arrasada por el mar. La gran ciudad de Atlantis est\u00e1 a punto de hundirse. T\u00fa, como los \u00faltimos atlantes, debes salvar la mayor cantidad de riquezas posible antes de huir de la furia de los elementos. El reloj en el centro de la ciudad muestra el tiempo restante antes del final. Pero debido al cataclismo, las puertas entre las diferentes zonas est\u00e1n destruidas. Se abren y cierran al azar. Recolectar bienes no ser\u00e1 tan f\u00e1cil\u2026<\/p>\n<p data-start=\"581\" data-end=\"1151\">Los mecanismos de <strong data-start=\"599\" data-end=\"612\">Atlandice<\/strong> son \u00fanicos, pero sencillos. En su turno, un jugador elige uno de los dados disponibles, que en realidad es una puerta. Esta puerta lleva al jugador a una ubicaci\u00f3n; en esa ubicaci\u00f3n hay recursos y efectos distribuidos aleatoriamente. Los efectos se asignan al azar mediante losetas al inicio de la partida, \u00a1as\u00ed que cada partida ser\u00e1 diferente! Los efectos pueden ayudar al jugador o interferir con los planes de los dem\u00e1s. Obt\u00e9n prestigio reuniendo m\u00e1s recursos que tus oponentes, tanto en los momentos clave de la partida como al final\u2026<\/p>\n<p data-start=\"581\" data-end=\"1151\"><a href=\"https:\/\/boardgamegeek.com\/boardgame\/247324\/atlandice\" target=\"_blank\" rel=\"noopener\">PAGINA BGG<\/a><\/p>\n<p><iframe title=\"Atlandice Board Game Review\" width=\"640\" height=\"360\" src=\"https:\/\/www.youtube.com\/embed\/qM4ZVuKvXQM?feature=oembed\" frameborder=\"0\" allow=\"accelerometer; autoplay; clipboard-write; encrypted-media; gyroscope; picture-in-picture; web-share\" referrerpolicy=\"strict-origin-when-cross-origin\" allowfullscreen><\/iframe><\/p>\n","protected":false},"excerpt":{"rendered":"<p>En un solo d\u00eda y una noche, la isla de Atlantis ha sido arrasada por el mar. La gran ciudad de Atlantis est\u00e1 a punto de hundirse. T\u00fa, como los \u00faltimos atlantes, debes salvar la mayor cantidad de riquezas posible antes de huir de la furia de los elementos. El reloj en el centro de la ciudad muestra el tiempo restante antes del final. Pero debido al cataclismo, las puertas&hellip;<\/p>\n","protected":false},"featured_media":5358,"comment_status":"open","ping_status":"closed","template":"","meta":[],"product_brand":[],"product_cat":[66,88,65],"product_tag":[93],"class_list":{"0":"post-5357","1":"product","2":"type-product","3":"status-publish","4":"has-post-thumbnail","6":"product_cat-abstractos","7":"product_cat-familiar","8":"product_cat-party-games","9":"product_tag-dados","11":"first","12":"instock","13":"taxable","14":"shipping-taxable","15":"purchasable","16":"product-type-simple"},"jetpack_sharing_enabled":true,"_links":{"self":[{"href":"https:\/\/veneludica.com\/index.php?rest_route=\/wp\/v2\/product\/5357","targetHints":{"allow":["GET"]}}],"collection":[{"href":"https:\/\/veneludica.com\/index.php?rest_route=\/wp\/v2\/product"}],"about":[{"href":"https:\/\/veneludica.com\/index.php?rest_route=\/wp\/v2\/types\/product"}],"replies":[{"embeddable":true,"href":"https:\/\/veneludica.com\/index.php?rest_route=%2Fwp%2Fv2%2Fcomments&post=5357"}],"version-history":[{"count":1,"href":"https:\/\/veneludica.com\/index.php?rest_route=\/wp\/v2\/product\/5357\/revisions"}],"predecessor-version":[{"id":5360,"href":"https:\/\/veneludica.com\/index.php?rest_route=\/wp\/v2\/product\/5357\/revisions\/5360"}],"wp:featuredmedia":[{"embeddable":true,"href":"https:\/\/veneludica.com\/index.php?rest_route=\/wp\/v2\/media\/5358"}],"wp:attachment":[{"href":"https:\/\/veneludica.com\/index.php?rest_route=%2Fwp%2Fv2%2Fmedia&parent=5357"}],"wp:term":[{"taxonomy":"product_brand","embeddable":true,"href":"https:\/\/veneludica.com\/index.php?rest_route=%2Fwp%2Fv2%2Fproduct_brand&post=5357"},{"taxonomy":"product_cat","embeddable":true,"href":"https:\/\/veneludica.com\/index.php?rest_route=%2Fwp%2Fv2%2Fproduct_cat&post=5357"},{"taxonomy":"product_tag","embeddable":true,"href":"https:\/\/veneludica.com\/index.php?rest_route=%2Fwp%2Fv2%2Fproduct_tag&post=5357"}],"curies":[{"name":"wp","href":"https:\/\/api.w.org\/{rel}","templated":true}]}}