{"id":5388,"date":"2026-01-05T17:46:50","date_gmt":"2026-01-05T17:46:50","guid":{"rendered":"https:\/\/veneludica.com\/?post_type=product&#038;p=5388"},"modified":"2026-01-05T18:01:04","modified_gmt":"2026-01-05T18:01:04","slug":"ahoy","status":"publish","type":"product","link":"https:\/\/veneludica.com\/?product=ahoy","title":{"rendered":"Ahoy"},"content":{"rendered":"<p data-start=\"56\" data-end=\"217\"><strong data-start=\"56\" data-end=\"64\">Ahoy<\/strong> es un juego ligeramente asim\u00e9trico en el que de dos a cuatro jugadores asumen los papeles de espadachines y soldados que buscan la <strong data-start=\"196\" data-end=\"204\">Fama<\/strong> en alta mar.<\/p>\n<p data-start=\"219\" data-end=\"999\">Un jugador controla el <strong data-start=\"242\" data-end=\"263\">Escuadr\u00f3n Bluefin<\/strong>, una compa\u00f1\u00eda de tiburones y sus amigos de afilados dientes, que patrullan estas aguas y mantienen el orden a base de disparos y espada. Otro jugador controla la <strong data-start=\"426\" data-end=\"447\">Uni\u00f3n de Moluscos<\/strong>, una alianza de criaturas submarinas y sus camaradas de armas, que luchan por recuperar su hogar ancestral. En partidas con m\u00e1s jugadores, algunos controlan a los <strong data-start=\"611\" data-end=\"630\">Contrabandistas<\/strong>, capitanes independientes que burlan los bloqueos para traficar con lujos y bienes esenciales, entreg\u00e1ndolos a quienes m\u00e1s los necesitan\u2026 o a quienes tienen m\u00e1s monedas.<br data-start=\"800\" data-end=\"803\" \/>Explora los mares. A medida que juegas, crear\u00e1s un mapa \u00fanico lleno de tesoros, restos de naufragios peligrosos y poderosas corrientes marinas, utilizando losetas de regi\u00f3n de lujo con doble capa.<\/p>\n<p data-start=\"1001\" data-end=\"1267\">Con desarrollo del mismo equipo que cre\u00f3 <em data-start=\"1042\" data-end=\"1048\">Root<\/em> y <em data-start=\"1051\" data-end=\"1057\">Oath<\/em>, <strong data-start=\"1059\" data-end=\"1067\">Ahoy<\/strong> ofrece una experiencia de juego profunda e interactiva, con partidas r\u00e1pidas y reglas f\u00e1ciles de aprender, en un entorno colorido que cobra vida gracias a las magn\u00edficas ilustraciones de Kyle Ferrin.<\/p>\n<p data-start=\"1001\" data-end=\"1267\"><a href=\"https:\/\/boardgamegeek.com\/boardgame\/359402\/ahoy\">PAGINA BGG<\/a><\/p>\n<p><iframe title=\"Conociendo Ahoy\" width=\"640\" height=\"360\" src=\"https:\/\/www.youtube.com\/embed\/bcxW1P4J1B0?feature=oembed\" frameborder=\"0\" allow=\"accelerometer; autoplay; clipboard-write; encrypted-media; gyroscope; picture-in-picture; web-share\" referrerpolicy=\"strict-origin-when-cross-origin\" allowfullscreen><\/iframe><\/p>\n<hr data-start=\"1269\" data-end=\"1272\" \/>\n<p data-start=\"1274\" data-end=\"1429\" data-is-last-node=\"\" data-is-only-node=\"\">\n","protected":false},"excerpt":{"rendered":"<p>Ahoy es un juego ligeramente asim\u00e9trico en el que de dos a cuatro jugadores asumen los papeles de espadachines y soldados que buscan la Fama en alta mar. Un jugador controla el Escuadr\u00f3n Bluefin, una compa\u00f1\u00eda de tiburones y sus amigos de afilados dientes, que patrullan estas aguas y mantienen el orden a base de disparos y espada. Otro jugador controla la Uni\u00f3n de Moluscos, una alianza de criaturas submarinas&hellip;<\/p>\n","protected":false},"featured_media":5391,"comment_status":"open","ping_status":"closed","template":"","meta":[],"product_brand":[],"product_cat":[84],"product_tag":[90],"class_list":{"0":"post-5388","1":"product","2":"type-product","3":"status-publish","4":"has-post-thumbnail","6":"product_cat-estrategia","7":"product_tag-fantasia","9":"first","10":"instock","11":"taxable","12":"shipping-taxable","13":"purchasable","14":"product-type-simple"},"jetpack_sharing_enabled":true,"_links":{"self":[{"href":"https:\/\/veneludica.com\/index.php?rest_route=\/wp\/v2\/product\/5388","targetHints":{"allow":["GET"]}}],"collection":[{"href":"https:\/\/veneludica.com\/index.php?rest_route=\/wp\/v2\/product"}],"about":[{"href":"https:\/\/veneludica.com\/index.php?rest_route=\/wp\/v2\/types\/product"}],"replies":[{"embeddable":true,"href":"https:\/\/veneludica.com\/index.php?rest_route=%2Fwp%2Fv2%2Fcomments&post=5388"}],"version-history":[{"count":1,"href":"https:\/\/veneludica.com\/index.php?rest_route=\/wp\/v2\/product\/5388\/revisions"}],"predecessor-version":[{"id":5394,"href":"https:\/\/veneludica.com\/index.php?rest_route=\/wp\/v2\/product\/5388\/revisions\/5394"}],"wp:featuredmedia":[{"embeddable":true,"href":"https:\/\/veneludica.com\/index.php?rest_route=\/wp\/v2\/media\/5391"}],"wp:attachment":[{"href":"https:\/\/veneludica.com\/index.php?rest_route=%2Fwp%2Fv2%2Fmedia&parent=5388"}],"wp:term":[{"taxonomy":"product_brand","embeddable":true,"href":"https:\/\/veneludica.com\/index.php?rest_route=%2Fwp%2Fv2%2Fproduct_brand&post=5388"},{"taxonomy":"product_cat","embeddable":true,"href":"https:\/\/veneludica.com\/index.php?rest_route=%2Fwp%2Fv2%2Fproduct_cat&post=5388"},{"taxonomy":"product_tag","embeddable":true,"href":"https:\/\/veneludica.com\/index.php?rest_route=%2Fwp%2Fv2%2Fproduct_tag&post=5388"}],"curies":[{"name":"wp","href":"https:\/\/api.w.org\/{rel}","templated":true}]}}