{"id":5452,"date":"2026-01-07T03:30:50","date_gmt":"2026-01-07T03:30:50","guid":{"rendered":"https:\/\/veneludica.com\/?post_type=product&#038;p=5452"},"modified":"2026-01-07T03:30:51","modified_gmt":"2026-01-07T03:30:51","slug":"blockers-the-card-game","status":"publish","type":"product","link":"https:\/\/veneludica.com\/?product=blockers-the-card-game","title":{"rendered":"Blockers! The Card Game"},"content":{"rendered":"<p data-start=\"120\" data-end=\"592\"><strong data-start=\"120\" data-end=\"147\">Blockers! The Card Game<\/strong> recrea el juego de mesa <strong data-start=\"172\" data-end=\"185\">Blockers!<\/strong>, con una mec\u00e1nica similar pero <strong data-start=\"217\" data-end=\"237\">nuevos objetivos<\/strong>. En lugar de una cuadr\u00edcula de <strong data-start=\"269\" data-end=\"276\">9\u00d79<\/strong>, los jugadores juegan ahora sobre una cuadr\u00edcula de <strong data-start=\"329\" data-end=\"336\">4\u00d74<\/strong>, formada por <strong data-start=\"350\" data-end=\"375\">16 cartas de victoria<\/strong> que ocupan los espacios del tablero. Alrededor de esta cuadr\u00edcula se colocan <strong data-start=\"453\" data-end=\"472\">cartas de marco<\/strong> que etiquetan las filas (A\u2013D), las columnas (1\u20134) y las regiones de <strong data-start=\"541\" data-end=\"548\" data-is-only-node=\"\">2\u00d72<\/strong> (identificadas con los palos de la baraja).<\/p>\n<p data-start=\"594\" data-end=\"1003\">En su turno, un jugador juega una <strong data-start=\"628\" data-end=\"645\">carta de mano<\/strong> que indica una fila, una columna o una regi\u00f3n de 2\u00d72, y <strong data-start=\"702\" data-end=\"735\">reclama una carta de victoria<\/strong> de la ubicaci\u00f3n correspondiente. (Alternativamente, puede usar una <strong data-start=\"803\" data-end=\"820\">carta comod\u00edn<\/strong> como joker). Cada vez que reclamas una carta de victoria despu\u00e9s de la primera, esta debe <strong data-start=\"911\" data-end=\"941\">coincidir en color o forma<\/strong> con la carta de victoria que reclamaste en tu turno anterior.<\/p>\n<p data-start=\"1005\" data-end=\"1253\">Cuando todos los jugadores pasan, la ronda termina y los espacios vac\u00edos del tablero se <strong data-start=\"1093\" data-end=\"1135\">rellenan con nuevas cartas de victoria<\/strong>. Cuando el mazo de cartas de victoria se agota, la partida finaliza y <strong data-start=\"1206\" data-end=\"1252\">gana el jugador con m\u00e1s cartas de victoria<\/strong>.<\/p>\n<p data-start=\"1005\" data-end=\"1253\"><a href=\"https:\/\/boardgamegeek.com\/boardgame\/128885\/blockers-the-card-game\">PAGINA BGG<\/a><\/p>\n<p><iframe title=\"Blockers: Card Game Review - with Tom Vasel\" width=\"640\" height=\"360\" src=\"https:\/\/www.youtube.com\/embed\/wjc15VK7mg0?feature=oembed\" frameborder=\"0\" allow=\"accelerometer; autoplay; clipboard-write; encrypted-media; gyroscope; picture-in-picture; web-share\" referrerpolicy=\"strict-origin-when-cross-origin\" allowfullscreen><\/iframe><\/p>\n","protected":false},"excerpt":{"rendered":"<p>Blockers! The Card Game recrea el juego de mesa Blockers!, con una mec\u00e1nica similar pero nuevos objetivos. En lugar de una cuadr\u00edcula de 9\u00d79, los jugadores juegan ahora sobre una cuadr\u00edcula de 4\u00d74, formada por 16 cartas de victoria que ocupan los espacios del tablero. Alrededor de esta cuadr\u00edcula se colocan cartas de marco que etiquetan las filas (A\u2013D), las columnas (1\u20134) y las regiones de 2\u00d72 (identificadas con los&hellip;<\/p>\n","protected":false},"featured_media":5453,"comment_status":"open","ping_status":"closed","template":"","meta":[],"product_brand":[],"product_cat":[66],"product_tag":[155],"class_list":{"0":"post-5452","1":"product","2":"type-product","3":"status-publish","4":"has-post-thumbnail","6":"product_cat-abstractos","7":"product_tag-cartas","9":"first","10":"instock","11":"taxable","12":"shipping-taxable","13":"purchasable","14":"product-type-simple"},"jetpack_sharing_enabled":true,"_links":{"self":[{"href":"https:\/\/veneludica.com\/index.php?rest_route=\/wp\/v2\/product\/5452","targetHints":{"allow":["GET"]}}],"collection":[{"href":"https:\/\/veneludica.com\/index.php?rest_route=\/wp\/v2\/product"}],"about":[{"href":"https:\/\/veneludica.com\/index.php?rest_route=\/wp\/v2\/types\/product"}],"replies":[{"embeddable":true,"href":"https:\/\/veneludica.com\/index.php?rest_route=%2Fwp%2Fv2%2Fcomments&post=5452"}],"version-history":[{"count":1,"href":"https:\/\/veneludica.com\/index.php?rest_route=\/wp\/v2\/product\/5452\/revisions"}],"predecessor-version":[{"id":5454,"href":"https:\/\/veneludica.com\/index.php?rest_route=\/wp\/v2\/product\/5452\/revisions\/5454"}],"wp:featuredmedia":[{"embeddable":true,"href":"https:\/\/veneludica.com\/index.php?rest_route=\/wp\/v2\/media\/5453"}],"wp:attachment":[{"href":"https:\/\/veneludica.com\/index.php?rest_route=%2Fwp%2Fv2%2Fmedia&parent=5452"}],"wp:term":[{"taxonomy":"product_brand","embeddable":true,"href":"https:\/\/veneludica.com\/index.php?rest_route=%2Fwp%2Fv2%2Fproduct_brand&post=5452"},{"taxonomy":"product_cat","embeddable":true,"href":"https:\/\/veneludica.com\/index.php?rest_route=%2Fwp%2Fv2%2Fproduct_cat&post=5452"},{"taxonomy":"product_tag","embeddable":true,"href":"https:\/\/veneludica.com\/index.php?rest_route=%2Fwp%2Fv2%2Fproduct_tag&post=5452"}],"curies":[{"name":"wp","href":"https:\/\/api.w.org\/{rel}","templated":true}]}}