{"id":5633,"date":"2026-01-08T05:37:03","date_gmt":"2026-01-08T05:37:03","guid":{"rendered":"https:\/\/veneludica.com\/?post_type=product&#038;p=5633"},"modified":"2026-01-08T05:37:03","modified_gmt":"2026-01-08T05:37:03","slug":"cornucopia","status":"publish","type":"product","link":"https:\/\/veneludica.com\/?product=cornucopia","title":{"rendered":"Cornucopia"},"content":{"rendered":"<p data-start=\"58\" data-end=\"235\">En <strong data-start=\"61\" data-end=\"75\">Cornucopia<\/strong>, tu objetivo es <strong data-start=\"92\" data-end=\"160\">llenar tu cesta con una abundante colecci\u00f3n de frutas y verduras<\/strong>, mientras <strong data-start=\"171\" data-end=\"234\">predices correctamente cu\u00e1nto tiempo te llevar\u00e1 completarla<\/strong>.<\/p>\n<p data-start=\"237\" data-end=\"538\">Puedes intentar formar una cesta con <strong data-start=\"274\" data-end=\"309\">un solo tipo de fruta o verdura<\/strong>, lo cual es dif\u00edcil, o bien tratar de <strong data-start=\"348\" data-end=\"402\">reunir toda la variedad de productos de la cosecha<\/strong>. En cualquier caso, deber\u00e1s completar tu recolecci\u00f3n de la forma <strong data-start=\"468\" data-end=\"493\">m\u00e1s eficiente posible<\/strong> para ganar la mayor cantidad de <strong data-start=\"526\" data-end=\"537\">monedas<\/strong>.<\/p>\n<p data-start=\"540\" data-end=\"810\">Los jugadores pueden <strong data-start=\"561\" data-end=\"592\">apostar y ganar m\u00e1s monedas<\/strong> al <strong data-start=\"596\" data-end=\"622\">predecir correctamente<\/strong> el resultado (\u00e9xito o fracaso) de los intentos de sus oponentes por completar su cosecha, lo que mantiene a todos <strong data-start=\"737\" data-end=\"761\">implicados y atentos<\/strong> en la partida incluso cuando <strong data-start=\"791\" data-end=\"809\">no es su turno<\/strong>.<\/p>\n<p data-start=\"540\" data-end=\"810\"><a href=\"https:\/\/boardgamegeek.com\/boardgame\/62343\/cornucopia\">PAGINA BGG<\/a><\/p>\n<p><iframe title=\"Cornucopia Review - with Tom Vasel\" width=\"640\" height=\"480\" src=\"https:\/\/www.youtube.com\/embed\/pQoks9Gs4vA?feature=oembed\" frameborder=\"0\" allow=\"accelerometer; autoplay; clipboard-write; encrypted-media; gyroscope; picture-in-picture; web-share\" referrerpolicy=\"strict-origin-when-cross-origin\" allowfullscreen><\/iframe><\/p>\n","protected":false},"excerpt":{"rendered":"<p>En Cornucopia, tu objetivo es llenar tu cesta con una abundante colecci\u00f3n de frutas y verduras, mientras predices correctamente cu\u00e1nto tiempo te llevar\u00e1 completarla. Puedes intentar formar una cesta con un solo tipo de fruta o verdura, lo cual es dif\u00edcil, o bien tratar de reunir toda la variedad de productos de la cosecha. En cualquier caso, deber\u00e1s completar tu recolecci\u00f3n de la forma m\u00e1s eficiente posible para ganar la&hellip;<\/p>\n","protected":false},"featured_media":5634,"comment_status":"open","ping_status":"closed","template":"","meta":[],"product_brand":[],"product_cat":[88],"product_tag":[],"class_list":{"0":"post-5633","1":"product","2":"type-product","3":"status-publish","4":"has-post-thumbnail","6":"product_cat-familiar","8":"first","9":"instock","10":"taxable","11":"shipping-taxable","12":"purchasable","13":"product-type-simple"},"jetpack_sharing_enabled":true,"_links":{"self":[{"href":"https:\/\/veneludica.com\/index.php?rest_route=\/wp\/v2\/product\/5633","targetHints":{"allow":["GET"]}}],"collection":[{"href":"https:\/\/veneludica.com\/index.php?rest_route=\/wp\/v2\/product"}],"about":[{"href":"https:\/\/veneludica.com\/index.php?rest_route=\/wp\/v2\/types\/product"}],"replies":[{"embeddable":true,"href":"https:\/\/veneludica.com\/index.php?rest_route=%2Fwp%2Fv2%2Fcomments&post=5633"}],"version-history":[{"count":1,"href":"https:\/\/veneludica.com\/index.php?rest_route=\/wp\/v2\/product\/5633\/revisions"}],"predecessor-version":[{"id":5635,"href":"https:\/\/veneludica.com\/index.php?rest_route=\/wp\/v2\/product\/5633\/revisions\/5635"}],"wp:featuredmedia":[{"embeddable":true,"href":"https:\/\/veneludica.com\/index.php?rest_route=\/wp\/v2\/media\/5634"}],"wp:attachment":[{"href":"https:\/\/veneludica.com\/index.php?rest_route=%2Fwp%2Fv2%2Fmedia&parent=5633"}],"wp:term":[{"taxonomy":"product_brand","embeddable":true,"href":"https:\/\/veneludica.com\/index.php?rest_route=%2Fwp%2Fv2%2Fproduct_brand&post=5633"},{"taxonomy":"product_cat","embeddable":true,"href":"https:\/\/veneludica.com\/index.php?rest_route=%2Fwp%2Fv2%2Fproduct_cat&post=5633"},{"taxonomy":"product_tag","embeddable":true,"href":"https:\/\/veneludica.com\/index.php?rest_route=%2Fwp%2Fv2%2Fproduct_tag&post=5633"}],"curies":[{"name":"wp","href":"https:\/\/api.w.org\/{rel}","templated":true}]}}