{"id":5650,"date":"2026-01-08T05:53:44","date_gmt":"2026-01-08T05:53:44","guid":{"rendered":"https:\/\/veneludica.com\/?post_type=product&#038;p=5650"},"modified":"2026-01-08T05:53:44","modified_gmt":"2026-01-08T05:53:44","slug":"cryo","status":"publish","type":"product","link":"https:\/\/veneludica.com\/?product=cryo","title":{"rendered":"Cryo"},"content":{"rendered":"<p data-start=\"60\" data-end=\"409\">Una misi\u00f3n que sali\u00f3 mal. La tensi\u00f3n a bordo de tu nave colonia segu\u00eda aumentando con cada d\u00eda que pasaba. Un <strong data-start=\"170\" data-end=\"198\">acto an\u00f3nimo de sabotaje<\/strong> hizo que la nave cayera estrepitosamente sobre la superficie de un <strong data-start=\"266\" data-end=\"298\">planeta helado y desconocido<\/strong>. Da\u00f1ada m\u00e1s all\u00e1 de toda reparaci\u00f3n, los restos dispersos ofrecen <strong data-start=\"365\" data-end=\"406\">poca protecci\u00f3n frente al brutal fr\u00edo<\/strong>.<\/p>\n<p data-start=\"411\" data-end=\"753\">En <strong data-start=\"414\" data-end=\"422\">Cryo<\/strong>, un juego de <strong data-start=\"436\" data-end=\"492\">construcci\u00f3n de motores y colocaci\u00f3n de trabajadores<\/strong>, los l\u00edderes de <strong data-start=\"509\" data-end=\"543\">facciones separadas y hostiles<\/strong> compiten por sobrevivir y reclamar el control de las <strong data-start=\"597\" data-end=\"622\">cavernas subterr\u00e1neas<\/strong> de un remoto planeta helado. Necesitar\u00e1s <strong data-start=\"664\" data-end=\"705\">actuar r\u00e1pido y de manera estrat\u00e9gica<\/strong> para evitar m\u00e1s sabotajes de otras facciones.<\/p>\n<p data-start=\"755\" data-end=\"1118\">Env\u00eda drones desde tu <strong data-start=\"777\" data-end=\"805\">plataforma de ingenier\u00eda<\/strong> para recolectar recursos y salvar a tu tripulaci\u00f3n todav\u00eda en crioestasis. Re\u00fane distintos materiales para <strong data-start=\"913\" data-end=\"953\">mejorar y personalizar tu plataforma<\/strong>, ajustando nuevas acciones a tu estrategia individual. <strong data-start=\"1009\" data-end=\"1049\">Aprovecha las cartas de uso m\u00faltiple<\/strong> y reclama las cavernas subterr\u00e1neas para que tu facci\u00f3n sobreviva.<\/p>\n<p data-start=\"1120\" data-end=\"1323\">Aunque no estaba planeado, ha comenzado un <strong data-start=\"1163\" data-end=\"1199\">nuevo cap\u00edtulo para la humanidad<\/strong>. <strong data-start=\"1201\" data-end=\"1272\">Recolecta, construye, explora y lidera tu facci\u00f3n hacia la victoria<\/strong> en este mundo helado antes de que se ponga el sol.<\/p>\n<p data-start=\"1120\" data-end=\"1323\"><a href=\"https:\/\/boardgamegeek.com\/boardgame\/330608\/cryo\">PAGINA BGG<\/a><\/p>\n<p><iframe title=\"Conociendo Cryo\" width=\"640\" height=\"360\" src=\"https:\/\/www.youtube.com\/embed\/O7vFKDpcgEg?feature=oembed\" frameborder=\"0\" allow=\"accelerometer; autoplay; clipboard-write; encrypted-media; gyroscope; picture-in-picture; web-share\" referrerpolicy=\"strict-origin-when-cross-origin\" allowfullscreen><\/iframe><\/p>\n","protected":false},"excerpt":{"rendered":"<p>Una misi\u00f3n que sali\u00f3 mal. La tensi\u00f3n a bordo de tu nave colonia segu\u00eda aumentando con cada d\u00eda que pasaba. Un acto an\u00f3nimo de sabotaje hizo que la nave cayera estrepitosamente sobre la superficie de un planeta helado y desconocido. Da\u00f1ada m\u00e1s all\u00e1 de toda reparaci\u00f3n, los restos dispersos ofrecen poca protecci\u00f3n frente al brutal fr\u00edo. En Cryo, un juego de construcci\u00f3n de motores y colocaci\u00f3n de trabajadores, los l\u00edderes&hellip;<\/p>\n","protected":false},"featured_media":5647,"comment_status":"open","ping_status":"closed","template":"","meta":[],"product_brand":[],"product_cat":[84],"product_tag":[188],"class_list":{"0":"post-5650","1":"product","2":"type-product","3":"status-publish","4":"has-post-thumbnail","6":"product_cat-estrategia","7":"product_tag-tematico","9":"first","10":"instock","11":"taxable","12":"shipping-taxable","13":"purchasable","14":"product-type-simple"},"jetpack_sharing_enabled":true,"_links":{"self":[{"href":"https:\/\/veneludica.com\/index.php?rest_route=\/wp\/v2\/product\/5650","targetHints":{"allow":["GET"]}}],"collection":[{"href":"https:\/\/veneludica.com\/index.php?rest_route=\/wp\/v2\/product"}],"about":[{"href":"https:\/\/veneludica.com\/index.php?rest_route=\/wp\/v2\/types\/product"}],"replies":[{"embeddable":true,"href":"https:\/\/veneludica.com\/index.php?rest_route=%2Fwp%2Fv2%2Fcomments&post=5650"}],"version-history":[{"count":1,"href":"https:\/\/veneludica.com\/index.php?rest_route=\/wp\/v2\/product\/5650\/revisions"}],"predecessor-version":[{"id":5651,"href":"https:\/\/veneludica.com\/index.php?rest_route=\/wp\/v2\/product\/5650\/revisions\/5651"}],"wp:featuredmedia":[{"embeddable":true,"href":"https:\/\/veneludica.com\/index.php?rest_route=\/wp\/v2\/media\/5647"}],"wp:attachment":[{"href":"https:\/\/veneludica.com\/index.php?rest_route=%2Fwp%2Fv2%2Fmedia&parent=5650"}],"wp:term":[{"taxonomy":"product_brand","embeddable":true,"href":"https:\/\/veneludica.com\/index.php?rest_route=%2Fwp%2Fv2%2Fproduct_brand&post=5650"},{"taxonomy":"product_cat","embeddable":true,"href":"https:\/\/veneludica.com\/index.php?rest_route=%2Fwp%2Fv2%2Fproduct_cat&post=5650"},{"taxonomy":"product_tag","embeddable":true,"href":"https:\/\/veneludica.com\/index.php?rest_route=%2Fwp%2Fv2%2Fproduct_tag&post=5650"}],"curies":[{"name":"wp","href":"https:\/\/api.w.org\/{rel}","templated":true}]}}