{"id":5695,"date":"2026-01-08T22:27:10","date_gmt":"2026-01-08T22:27:10","guid":{"rendered":"https:\/\/veneludica.com\/?post_type=product&#038;p=5695"},"modified":"2026-01-08T22:27:14","modified_gmt":"2026-01-08T22:27:14","slug":"diaspora-zero","status":"publish","type":"product","link":"https:\/\/veneludica.com\/?product=diaspora-zero","title":{"rendered":"Diaspora Zero"},"content":{"rendered":"<p data-start=\"48\" data-end=\"150\"><strong data-start=\"48\" data-end=\"65\">Diaspora Zero<\/strong> es una historia precuela de <em data-start=\"94\" data-end=\"104\">Diaspora<\/em>, aunque puede jugarse de forma independiente.<\/p>\n<p data-start=\"152\" data-end=\"546\">En \u00e9l, de 1 a 24 jugadores intentar\u00e1n resolver las 24 cartas, cada una de las cuales contiene un <strong data-start=\"249\" data-end=\"265\">c\u00f3digo \u00fanico<\/strong>. A trav\u00e9s de la comunicaci\u00f3n por <strong data-start=\"299\" data-end=\"321\">correo electr\u00f3nico<\/strong> con la nave interestelar en la que viajan los tres protagonistas de la historia, los jugadores ir\u00e1n <strong data-start=\"422\" data-end=\"451\">desvelando nuevos enigmas<\/strong> y <strong data-start=\"454\" data-end=\"486\">obteniendo nueva informaci\u00f3n<\/strong> sobre la trama del juego a medida que resuelven las cartas.<\/p>\n<p data-start=\"553\" data-end=\"761\" data-is-last-node=\"\" data-is-only-node=\"\"><a href=\"https:\/\/boardgamegeek.com\/boardgame\/399350\/diaspora-zero\">PAGINA BGG<\/a><\/p>\n<p><iframe title=\"Conociendo Di\u00e1spora Zero\" width=\"640\" height=\"360\" src=\"https:\/\/www.youtube.com\/embed\/I3Dnt1wdq_c?feature=oembed\" frameborder=\"0\" allow=\"accelerometer; autoplay; clipboard-write; encrypted-media; gyroscope; picture-in-picture; web-share\" referrerpolicy=\"strict-origin-when-cross-origin\" allowfullscreen><\/iframe><\/p>\n","protected":false},"excerpt":{"rendered":"<p>Diaspora Zero es una historia precuela de Diaspora, aunque puede jugarse de forma independiente. En \u00e9l, de 1 a 24 jugadores intentar\u00e1n resolver las 24 cartas, cada una de las cuales contiene un c\u00f3digo \u00fanico. A trav\u00e9s de la comunicaci\u00f3n por correo electr\u00f3nico con la nave interestelar en la que viajan los tres protagonistas de la historia, los jugadores ir\u00e1n desvelando nuevos enigmas y obteniendo nueva informaci\u00f3n sobre la trama&hellip;<\/p>\n","protected":false},"featured_media":5696,"comment_status":"open","ping_status":"closed","template":"","meta":[],"product_brand":[],"product_cat":[88,65],"product_tag":[155,221],"class_list":{"0":"post-5695","1":"product","2":"type-product","3":"status-publish","4":"has-post-thumbnail","6":"product_cat-familiar","7":"product_cat-party-games","8":"product_tag-cartas","9":"product_tag-puzzle","11":"first","12":"instock","13":"taxable","14":"shipping-taxable","15":"purchasable","16":"product-type-simple"},"jetpack_sharing_enabled":true,"_links":{"self":[{"href":"https:\/\/veneludica.com\/index.php?rest_route=\/wp\/v2\/product\/5695","targetHints":{"allow":["GET"]}}],"collection":[{"href":"https:\/\/veneludica.com\/index.php?rest_route=\/wp\/v2\/product"}],"about":[{"href":"https:\/\/veneludica.com\/index.php?rest_route=\/wp\/v2\/types\/product"}],"replies":[{"embeddable":true,"href":"https:\/\/veneludica.com\/index.php?rest_route=%2Fwp%2Fv2%2Fcomments&post=5695"}],"version-history":[{"count":1,"href":"https:\/\/veneludica.com\/index.php?rest_route=\/wp\/v2\/product\/5695\/revisions"}],"predecessor-version":[{"id":5697,"href":"https:\/\/veneludica.com\/index.php?rest_route=\/wp\/v2\/product\/5695\/revisions\/5697"}],"wp:featuredmedia":[{"embeddable":true,"href":"https:\/\/veneludica.com\/index.php?rest_route=\/wp\/v2\/media\/5696"}],"wp:attachment":[{"href":"https:\/\/veneludica.com\/index.php?rest_route=%2Fwp%2Fv2%2Fmedia&parent=5695"}],"wp:term":[{"taxonomy":"product_brand","embeddable":true,"href":"https:\/\/veneludica.com\/index.php?rest_route=%2Fwp%2Fv2%2Fproduct_brand&post=5695"},{"taxonomy":"product_cat","embeddable":true,"href":"https:\/\/veneludica.com\/index.php?rest_route=%2Fwp%2Fv2%2Fproduct_cat&post=5695"},{"taxonomy":"product_tag","embeddable":true,"href":"https:\/\/veneludica.com\/index.php?rest_route=%2Fwp%2Fv2%2Fproduct_tag&post=5695"}],"curies":[{"name":"wp","href":"https:\/\/api.w.org\/{rel}","templated":true}]}}