{"id":5796,"date":"2026-01-09T14:58:47","date_gmt":"2026-01-09T14:58:47","guid":{"rendered":"https:\/\/veneludica.com\/?post_type=product&#038;p=5796"},"modified":"2026-01-09T14:58:48","modified_gmt":"2026-01-09T14:58:48","slug":"eminent-domain","status":"publish","type":"product","link":"https:\/\/veneludica.com\/?product=eminent-domain","title":{"rendered":"Eminent Domain"},"content":{"rendered":"<p data-start=\"44\" data-end=\"284\">Explora la galaxia para expandir tu civilizaci\u00f3n: \u00bfcolonizar\u00e1s planetas cercanos o los conquistar\u00e1s por la fuerza? Recolecta recursos para comerciar e investiga para mejorar tu tecnolog\u00eda. \u00a1Construye la mejor civilizaci\u00f3n y gana la partida!<\/p>\n<p data-start=\"286\" data-end=\"539\"><strong data-start=\"286\" data-end=\"304\">Eminent Domain<\/strong> es un juego de construcci\u00f3n de civilizaciones en el que las habilidades de tu civilizaci\u00f3n se basan en un mazo de cartas de <strong data-start=\"429\" data-end=\"436\">Rol<\/strong>. Al comienzo de la partida, todos los jugadores tienen el mismo mazo, con solo dos cartas de cada Rol.<\/p>\n<p data-start=\"541\" data-end=\"852\">En cada turno debes elegir un Rol para ejecutar (y, al igual que en <em data-start=\"609\" data-end=\"624\">Glory to Rome<\/em> o <em data-start=\"627\" data-end=\"640\">Puerto Rico<\/em>, tus oponentes tendr\u00e1n la oportunidad de seguirte). Al hacerlo, a\u00f1adir\u00e1s una carta de ese Rol a tu mazo. Al ejecutar un Rol, puedes potenciar su efecto jugando cartas de tu mano que coincidan con el Rol elegido.<\/p>\n<p data-start=\"854\" data-end=\"975\">Por ejemplo, cuanto m\u00e1s investigas, mejor se te da investigar, ya que tendr\u00e1s m\u00e1s cartas de <strong data-start=\"946\" data-end=\"963\">Investigaci\u00f3n<\/strong> en tu mazo.<\/p>\n<p data-start=\"854\" data-end=\"975\"><a href=\"https:\/\/boardgamegeek.com\/boardgame\/68425\/eminent-domain\">PAGINA BGG<\/a><\/p>\n<p><iframe title=\"Conociendo Eminent Domain\" width=\"640\" height=\"360\" src=\"https:\/\/www.youtube.com\/embed\/PVs2kQmCcWA?feature=oembed\" frameborder=\"0\" allow=\"accelerometer; autoplay; clipboard-write; encrypted-media; gyroscope; picture-in-picture; web-share\" referrerpolicy=\"strict-origin-when-cross-origin\" allowfullscreen><\/iframe><\/p>\n","protected":false},"excerpt":{"rendered":"<p>Explora la galaxia para expandir tu civilizaci\u00f3n: \u00bfcolonizar\u00e1s planetas cercanos o los conquistar\u00e1s por la fuerza? Recolecta recursos para comerciar e investiga para mejorar tu tecnolog\u00eda. \u00a1Construye la mejor civilizaci\u00f3n y gana la partida! Eminent Domain es un juego de construcci\u00f3n de civilizaciones en el que las habilidades de tu civilizaci\u00f3n se basan en un mazo de cartas de Rol. Al comienzo de la partida, todos los jugadores tienen el&hellip;<\/p>\n","protected":false},"featured_media":5797,"comment_status":"open","ping_status":"closed","template":"","meta":[],"product_brand":[],"product_cat":[84],"product_tag":[155,253],"class_list":{"0":"post-5796","1":"product","2":"type-product","3":"status-publish","4":"has-post-thumbnail","6":"product_cat-estrategia","7":"product_tag-cartas","8":"product_tag-civilizacion","10":"first","11":"instock","12":"taxable","13":"shipping-taxable","14":"purchasable","15":"product-type-simple"},"jetpack_sharing_enabled":true,"_links":{"self":[{"href":"https:\/\/veneludica.com\/index.php?rest_route=\/wp\/v2\/product\/5796","targetHints":{"allow":["GET"]}}],"collection":[{"href":"https:\/\/veneludica.com\/index.php?rest_route=\/wp\/v2\/product"}],"about":[{"href":"https:\/\/veneludica.com\/index.php?rest_route=\/wp\/v2\/types\/product"}],"replies":[{"embeddable":true,"href":"https:\/\/veneludica.com\/index.php?rest_route=%2Fwp%2Fv2%2Fcomments&post=5796"}],"version-history":[{"count":1,"href":"https:\/\/veneludica.com\/index.php?rest_route=\/wp\/v2\/product\/5796\/revisions"}],"predecessor-version":[{"id":5798,"href":"https:\/\/veneludica.com\/index.php?rest_route=\/wp\/v2\/product\/5796\/revisions\/5798"}],"wp:featuredmedia":[{"embeddable":true,"href":"https:\/\/veneludica.com\/index.php?rest_route=\/wp\/v2\/media\/5797"}],"wp:attachment":[{"href":"https:\/\/veneludica.com\/index.php?rest_route=%2Fwp%2Fv2%2Fmedia&parent=5796"}],"wp:term":[{"taxonomy":"product_brand","embeddable":true,"href":"https:\/\/veneludica.com\/index.php?rest_route=%2Fwp%2Fv2%2Fproduct_brand&post=5796"},{"taxonomy":"product_cat","embeddable":true,"href":"https:\/\/veneludica.com\/index.php?rest_route=%2Fwp%2Fv2%2Fproduct_cat&post=5796"},{"taxonomy":"product_tag","embeddable":true,"href":"https:\/\/veneludica.com\/index.php?rest_route=%2Fwp%2Fv2%2Fproduct_tag&post=5796"}],"curies":[{"name":"wp","href":"https:\/\/api.w.org\/{rel}","templated":true}]}}