{"id":5800,"date":"2026-01-09T15:06:29","date_gmt":"2026-01-09T15:06:29","guid":{"rendered":"https:\/\/veneludica.com\/?post_type=product&#038;p=5800"},"modified":"2026-01-09T15:12:00","modified_gmt":"2026-01-09T15:12:00","slug":"everdell-bellfaire","status":"publish","type":"product","link":"https:\/\/veneludica.com\/?product=everdell-bellfaire","title":{"rendered":"Everdell: Bellfaire"},"content":{"rendered":"<p data-start=\"44\" data-end=\"213\">El rey est\u00e1 organizando un evento sin precedentes que durar\u00e1 todo un a\u00f1o para conmemorar el centenario de la fundaci\u00f3n de <strong data-start=\"166\" data-end=\"178\">Everdell<\/strong>. \u00a1Acudid todos a la <strong data-start=\"199\" data-end=\"212\">Bellfaire<\/strong>!<\/p>\n<p data-start=\"215\" data-end=\"341\"><strong data-start=\"215\" data-end=\"228\">Bellfaire<\/strong> es una nueva expansi\u00f3n para <em data-start=\"257\" data-end=\"267\">Everdell<\/em> que ofrece varios m\u00f3dulos de juego diferentes, entre los que se incluyen:<\/p>\n<ul data-start=\"343\" data-end=\"622\">\n<li data-start=\"343\" data-end=\"386\">\n<p data-start=\"345\" data-end=\"386\">Componentes y reglas para 5\u20136 jugadores<\/p>\n<\/li>\n<li data-start=\"387\" data-end=\"432\">\n<p data-start=\"389\" data-end=\"432\">Poderes de jugador y tableros de recursos<\/p>\n<\/li>\n<li data-start=\"433\" data-end=\"498\">\n<p data-start=\"435\" data-end=\"498\">Un tablero de Bellfaire con una nueva localizaci\u00f3n de Mercado<\/p>\n<\/li>\n<li data-start=\"499\" data-end=\"582\">\n<p data-start=\"501\" data-end=\"582\">Premios de Guirnalda, que act\u00faan como objetivos compartidos de final de partida<\/p>\n<\/li>\n<li data-start=\"583\" data-end=\"622\">\n<p data-start=\"585\" data-end=\"622\">Nuevas cartas de Eventos Especiales<\/p>\n<\/li>\n<\/ul>\n<p><a href=\"https:\/\/boardgamegeek.com\/boardgame\/289057\/everdell-bellfaire\">PAGINA BGG<\/a><\/p>\n<p><iframe title=\"Ampliando Everdell: Bellfaire\" width=\"640\" height=\"360\" src=\"https:\/\/www.youtube.com\/embed\/64tXtjcowa8?feature=oembed\" frameborder=\"0\" allow=\"accelerometer; autoplay; clipboard-write; encrypted-media; gyroscope; picture-in-picture; web-share\" referrerpolicy=\"strict-origin-when-cross-origin\" allowfullscreen><\/iframe><\/p>\n","protected":false},"excerpt":{"rendered":"<p>El rey est\u00e1 organizando un evento sin precedentes que durar\u00e1 todo un a\u00f1o para conmemorar el centenario de la fundaci\u00f3n de Everdell. \u00a1Acudid todos a la Bellfaire! Bellfaire es una nueva expansi\u00f3n para Everdell que ofrece varios m\u00f3dulos de juego diferentes, entre los que se incluyen: Componentes y reglas para 5\u20136 jugadores Poderes de jugador y tableros de recursos Un tablero de Bellfaire con una nueva localizaci\u00f3n de Mercado Premios&hellip;<\/p>\n","protected":false},"featured_media":5801,"comment_status":"open","ping_status":"closed","template":"","meta":[],"product_brand":[],"product_cat":[84,141,88],"product_tag":[85,144],"class_list":{"0":"post-5800","1":"product","2":"type-product","3":"status-publish","4":"has-post-thumbnail","6":"product_cat-estrategia","7":"product_cat-expansion","8":"product_cat-familiar","9":"product_tag-animales","10":"product_tag-expansion","12":"first","13":"instock","14":"taxable","15":"shipping-taxable","16":"purchasable","17":"product-type-simple"},"jetpack_sharing_enabled":true,"_links":{"self":[{"href":"https:\/\/veneludica.com\/index.php?rest_route=\/wp\/v2\/product\/5800","targetHints":{"allow":["GET"]}}],"collection":[{"href":"https:\/\/veneludica.com\/index.php?rest_route=\/wp\/v2\/product"}],"about":[{"href":"https:\/\/veneludica.com\/index.php?rest_route=\/wp\/v2\/types\/product"}],"replies":[{"embeddable":true,"href":"https:\/\/veneludica.com\/index.php?rest_route=%2Fwp%2Fv2%2Fcomments&post=5800"}],"version-history":[{"count":1,"href":"https:\/\/veneludica.com\/index.php?rest_route=\/wp\/v2\/product\/5800\/revisions"}],"predecessor-version":[{"id":5803,"href":"https:\/\/veneludica.com\/index.php?rest_route=\/wp\/v2\/product\/5800\/revisions\/5803"}],"wp:featuredmedia":[{"embeddable":true,"href":"https:\/\/veneludica.com\/index.php?rest_route=\/wp\/v2\/media\/5801"}],"wp:attachment":[{"href":"https:\/\/veneludica.com\/index.php?rest_route=%2Fwp%2Fv2%2Fmedia&parent=5800"}],"wp:term":[{"taxonomy":"product_brand","embeddable":true,"href":"https:\/\/veneludica.com\/index.php?rest_route=%2Fwp%2Fv2%2Fproduct_brand&post=5800"},{"taxonomy":"product_cat","embeddable":true,"href":"https:\/\/veneludica.com\/index.php?rest_route=%2Fwp%2Fv2%2Fproduct_cat&post=5800"},{"taxonomy":"product_tag","embeddable":true,"href":"https:\/\/veneludica.com\/index.php?rest_route=%2Fwp%2Fv2%2Fproduct_tag&post=5800"}],"curies":[{"name":"wp","href":"https:\/\/api.w.org\/{rel}","templated":true}]}}