{"id":5845,"date":"2026-01-10T03:32:55","date_gmt":"2026-01-10T03:32:55","guid":{"rendered":"https:\/\/veneludica.com\/?post_type=product&#038;p=5845"},"modified":"2026-01-10T03:32:55","modified_gmt":"2026-01-10T03:32:55","slug":"fort","status":"publish","type":"product","link":"https:\/\/veneludica.com\/?product=fort","title":{"rendered":"Fort"},"content":{"rendered":"<p data-start=\"48\" data-end=\"154\"><strong data-start=\"48\" data-end=\"56\">Fort<\/strong> es un juego de cartas para <strong data-start=\"84\" data-end=\"103\">2 a 4 jugadores<\/strong> sobre <strong data-start=\"110\" data-end=\"153\">construir fuertes y seguir a tus amigos<\/strong>.<\/p>\n<p data-start=\"156\" data-end=\"314\">En <em data-start=\"159\" data-end=\"165\">Fort<\/em>, \u00a1eres un ni\u00f1o! Y como muchos ni\u00f1os, quieres <strong data-start=\"211\" data-end=\"241\">ampliar tu grupo de amigos<\/strong>, <strong data-start=\"243\" data-end=\"275\">coleccionar pizza y juguetes<\/strong>, y <strong data-start=\"279\" data-end=\"313\">construir el fuerte m\u00e1s genial<\/strong>.<\/p>\n<p data-start=\"316\" data-end=\"713\">Al hacer todas estas cosas molonas, conseguir\u00e1s <strong data-start=\"364\" data-end=\"386\">puntos de victoria<\/strong>, y al final de la partida, el jugador con <strong data-start=\"429\" data-end=\"455\">m\u00e1s puntos de victoria<\/strong> ser\u00e1 el ganador. Tus cartas no solo te permiten realizar acciones en tu propio turno, sino que tambi\u00e9n te dejan <strong data-start=\"568\" data-end=\"633\">seguir las acciones de los dem\u00e1s jugadores durante sus turnos<\/strong>.<br data-start=\"634\" data-end=\"637\" \/>\u00bfTe centrar\u00e1s en tu propia pandilla o copiar\u00e1s lo que hacen los otros ni\u00f1os?<\/p>\n<p data-start=\"715\" data-end=\"914\">Pero ten cuidado: tu <strong data-start=\"736\" data-end=\"800\">mazo cuidadosamente construido puede empezar a perder cartas<\/strong> si no las utilizas. Despu\u00e9s de todo, si no juegas con tus amigos\u2026 \u00bfpor qu\u00e9 iban a querer seguir quedando contigo?<\/p>\n<p data-start=\"715\" data-end=\"914\"><a href=\"https:\/\/boardgamegeek.com\/boardgame\/296912\/fort\">PAGINA BGG<\/a><\/p>\n<p><iframe title=\"Conociendo Fort\" width=\"640\" height=\"360\" src=\"https:\/\/www.youtube.com\/embed\/_hxvtKNuXUk?feature=oembed\" frameborder=\"0\" allow=\"accelerometer; autoplay; clipboard-write; encrypted-media; gyroscope; picture-in-picture; web-share\" referrerpolicy=\"strict-origin-when-cross-origin\" allowfullscreen><\/iframe><\/p>\n","protected":false},"excerpt":{"rendered":"<p>Fort es un juego de cartas para 2 a 4 jugadores sobre construir fuertes y seguir a tus amigos. En Fort, \u00a1eres un ni\u00f1o! Y como muchos ni\u00f1os, quieres ampliar tu grupo de amigos, coleccionar pizza y juguetes, y construir el fuerte m\u00e1s genial. Al hacer todas estas cosas molonas, conseguir\u00e1s puntos de victoria, y al final de la partida, el jugador con m\u00e1s puntos de victoria ser\u00e1 el ganador.&hellip;<\/p>\n","protected":false},"featured_media":5846,"comment_status":"open","ping_status":"closed","template":"","meta":[],"product_brand":[],"product_cat":[84],"product_tag":[155],"class_list":{"0":"post-5845","1":"product","2":"type-product","3":"status-publish","4":"has-post-thumbnail","6":"product_cat-estrategia","7":"product_tag-cartas","9":"first","10":"instock","11":"taxable","12":"shipping-taxable","13":"purchasable","14":"product-type-simple"},"jetpack_sharing_enabled":true,"_links":{"self":[{"href":"https:\/\/veneludica.com\/index.php?rest_route=\/wp\/v2\/product\/5845","targetHints":{"allow":["GET"]}}],"collection":[{"href":"https:\/\/veneludica.com\/index.php?rest_route=\/wp\/v2\/product"}],"about":[{"href":"https:\/\/veneludica.com\/index.php?rest_route=\/wp\/v2\/types\/product"}],"replies":[{"embeddable":true,"href":"https:\/\/veneludica.com\/index.php?rest_route=%2Fwp%2Fv2%2Fcomments&post=5845"}],"version-history":[{"count":1,"href":"https:\/\/veneludica.com\/index.php?rest_route=\/wp\/v2\/product\/5845\/revisions"}],"predecessor-version":[{"id":5851,"href":"https:\/\/veneludica.com\/index.php?rest_route=\/wp\/v2\/product\/5845\/revisions\/5851"}],"wp:featuredmedia":[{"embeddable":true,"href":"https:\/\/veneludica.com\/index.php?rest_route=\/wp\/v2\/media\/5846"}],"wp:attachment":[{"href":"https:\/\/veneludica.com\/index.php?rest_route=%2Fwp%2Fv2%2Fmedia&parent=5845"}],"wp:term":[{"taxonomy":"product_brand","embeddable":true,"href":"https:\/\/veneludica.com\/index.php?rest_route=%2Fwp%2Fv2%2Fproduct_brand&post=5845"},{"taxonomy":"product_cat","embeddable":true,"href":"https:\/\/veneludica.com\/index.php?rest_route=%2Fwp%2Fv2%2Fproduct_cat&post=5845"},{"taxonomy":"product_tag","embeddable":true,"href":"https:\/\/veneludica.com\/index.php?rest_route=%2Fwp%2Fv2%2Fproduct_tag&post=5845"}],"curies":[{"name":"wp","href":"https:\/\/api.w.org\/{rel}","templated":true}]}}