{"id":5856,"date":"2026-01-10T03:41:58","date_gmt":"2026-01-10T03:41:58","guid":{"rendered":"https:\/\/veneludica.com\/?post_type=product&#038;p=5856"},"modified":"2026-01-10T03:41:58","modified_gmt":"2026-01-10T03:41:58","slug":"fresco-cards-and-dice-game","status":"publish","type":"product","link":"https:\/\/veneludica.com\/?product=fresco-cards-and-dice-game","title":{"rendered":"Fresco: Cards and Dice Game"},"content":{"rendered":"<p data-start=\"48\" data-end=\"182\"><strong data-start=\"48\" data-end=\"78\">Fresco: El Juego de Cartas<\/strong> toma la mec\u00e1nica principal del juego <em data-start=\"116\" data-end=\"124\">Fresco<\/em> y la destila en una experiencia <strong data-start=\"157\" data-end=\"181\">m\u00e1s peque\u00f1a y r\u00e1pida<\/strong>.<\/p>\n<p data-start=\"184\" data-end=\"570\">El Obispo tiene deseos muy espec\u00edficos para el nuevo fresco que debe embellecer la catedral. Ha dado instrucciones muy concretas sobre <strong data-start=\"319\" data-end=\"354\">qu\u00e9 debe pintarse en cada lugar<\/strong>. Los jugadores asumen el papel de pintores que intentan completar el fresco siguiendo sus indicaciones, obteniendo puntos por pintar las secciones del fresco y <strong data-start=\"515\" data-end=\"569\">puntos extra por cumplir las peticiones del Obispo<\/strong>.<\/p>\n<p data-start=\"572\" data-end=\"1030\">Durante la partida, los jugadores roban <strong data-start=\"612\" data-end=\"631\">cartas de color<\/strong> que utilizar\u00e1n para pintar las distintas secciones del fresco. Estas cartas se obtienen en el <strong data-start=\"726\" data-end=\"737\">mercado<\/strong>, donde est\u00e1n los tres colores b\u00e1sicos, o en el <strong data-start=\"785\" data-end=\"795\">taller<\/strong>, que contiene la paleta de colores mezclados. Cuando los jugadores re\u00fanen suficientes colores, pueden <strong data-start=\"898\" data-end=\"946\">pintar una secci\u00f3n del fresco y ganar puntos<\/strong>. Si juegan la <strong data-start=\"961\" data-end=\"995\">combinaci\u00f3n correcta de cartas<\/strong>, obtendr\u00e1n <strong data-start=\"1007\" data-end=\"1029\">puntos adicionales<\/strong>.<\/p>\n<p data-start=\"1032\" data-end=\"1170\">Cuando todas las secciones del fresco han sido pintadas, los jugadores <strong data-start=\"1103\" data-end=\"1123\">suman sus puntos<\/strong>, y quien tenga <strong data-start=\"1139\" data-end=\"1153\">m\u00e1s puntos<\/strong> gana la partida.<\/p>\n<p data-start=\"1032\" data-end=\"1170\"><a href=\"https:\/\/boardgamegeek.com\/boardgame\/292013\/fresco-card-and-dice-game\">PAGINA BGG<\/a><\/p>\n<p><iframe title=\"Queen Games - Fresco Card and Dice Game | Part 1 | DE\" width=\"640\" height=\"360\" src=\"https:\/\/www.youtube.com\/embed\/sBK1lk0x0Fk?feature=oembed\" frameborder=\"0\" allow=\"accelerometer; autoplay; clipboard-write; encrypted-media; gyroscope; picture-in-picture; web-share\" referrerpolicy=\"strict-origin-when-cross-origin\" allowfullscreen><\/iframe><\/p>\n","protected":false},"excerpt":{"rendered":"<p>Fresco: El Juego de Cartas toma la mec\u00e1nica principal del juego Fresco y la destila en una experiencia m\u00e1s peque\u00f1a y r\u00e1pida. El Obispo tiene deseos muy espec\u00edficos para el nuevo fresco que debe embellecer la catedral. Ha dado instrucciones muy concretas sobre qu\u00e9 debe pintarse en cada lugar. Los jugadores asumen el papel de pintores que intentan completar el fresco siguiendo sus indicaciones, obteniendo puntos por pintar las secciones&hellip;<\/p>\n","protected":false},"featured_media":5857,"comment_status":"open","ping_status":"closed","template":"","meta":[],"product_brand":[],"product_cat":[88],"product_tag":[155,93],"class_list":{"0":"post-5856","1":"product","2":"type-product","3":"status-publish","4":"has-post-thumbnail","6":"product_cat-familiar","7":"product_tag-cartas","8":"product_tag-dados","10":"first","11":"instock","12":"taxable","13":"shipping-taxable","14":"purchasable","15":"product-type-simple"},"jetpack_sharing_enabled":true,"_links":{"self":[{"href":"https:\/\/veneludica.com\/index.php?rest_route=\/wp\/v2\/product\/5856","targetHints":{"allow":["GET"]}}],"collection":[{"href":"https:\/\/veneludica.com\/index.php?rest_route=\/wp\/v2\/product"}],"about":[{"href":"https:\/\/veneludica.com\/index.php?rest_route=\/wp\/v2\/types\/product"}],"replies":[{"embeddable":true,"href":"https:\/\/veneludica.com\/index.php?rest_route=%2Fwp%2Fv2%2Fcomments&post=5856"}],"version-history":[{"count":1,"href":"https:\/\/veneludica.com\/index.php?rest_route=\/wp\/v2\/product\/5856\/revisions"}],"predecessor-version":[{"id":5859,"href":"https:\/\/veneludica.com\/index.php?rest_route=\/wp\/v2\/product\/5856\/revisions\/5859"}],"wp:featuredmedia":[{"embeddable":true,"href":"https:\/\/veneludica.com\/index.php?rest_route=\/wp\/v2\/media\/5857"}],"wp:attachment":[{"href":"https:\/\/veneludica.com\/index.php?rest_route=%2Fwp%2Fv2%2Fmedia&parent=5856"}],"wp:term":[{"taxonomy":"product_brand","embeddable":true,"href":"https:\/\/veneludica.com\/index.php?rest_route=%2Fwp%2Fv2%2Fproduct_brand&post=5856"},{"taxonomy":"product_cat","embeddable":true,"href":"https:\/\/veneludica.com\/index.php?rest_route=%2Fwp%2Fv2%2Fproduct_cat&post=5856"},{"taxonomy":"product_tag","embeddable":true,"href":"https:\/\/veneludica.com\/index.php?rest_route=%2Fwp%2Fv2%2Fproduct_tag&post=5856"}],"curies":[{"name":"wp","href":"https:\/\/api.w.org\/{rel}","templated":true}]}}