{"id":5877,"date":"2026-01-12T02:20:58","date_gmt":"2026-01-12T02:20:58","guid":{"rendered":"https:\/\/veneludica.com\/?post_type=product&#038;p=5877"},"modified":"2026-01-12T02:20:58","modified_gmt":"2026-01-12T02:20:58","slug":"gang-rush-breakout","status":"publish","type":"product","link":"https:\/\/veneludica.com\/?product=gang-rush-breakout","title":{"rendered":"Gang Rush Breakout"},"content":{"rendered":"<p>Cuando los miembros del hampa empiezan a cruzar el puente que conduce a su cuartel general, nadie sabe qui\u00e9n lograr\u00e1 llegar al otro lado. \u00a1Corre, choca y hazte con el bot\u00edn en <em data-start=\"324\" data-end=\"344\">Gang Rush Breakout<\/em>! Quien se re\u00fana con el Padrino llevando m\u00e1s dinero ser\u00e1 el ganador.<\/p>\n<p><a href=\"https:\/\/boardgamegeek.com\/boardgame\/215066\/gang-rush-breakout\">PAGINA BGG<\/a><\/p>\n<p><iframe title=\"Conociendo Gang Rush Breakout\" width=\"640\" height=\"360\" src=\"https:\/\/www.youtube.com\/embed\/Vv1oWN1bWNM?feature=oembed\" frameborder=\"0\" allow=\"accelerometer; autoplay; clipboard-write; encrypted-media; gyroscope; picture-in-picture; web-share\" referrerpolicy=\"strict-origin-when-cross-origin\" allowfullscreen><\/iframe><\/p>\n","protected":false},"excerpt":{"rendered":"<p>Cuando los miembros del hampa empiezan a cruzar el puente que conduce a su cuartel general, nadie sabe qui\u00e9n lograr\u00e1 llegar al otro lado. \u00a1Corre, choca y hazte con el bot\u00edn en Gang Rush Breakout! Quien se re\u00fana con el Padrino llevando m\u00e1s dinero ser\u00e1 el ganador. PAGINA BGG<\/p>\n","protected":false},"featured_media":5878,"comment_status":"open","ping_status":"closed","template":"","meta":[],"product_brand":[],"product_cat":[71,88],"product_tag":[93],"class_list":{"0":"post-5877","1":"product","2":"type-product","3":"status-publish","4":"has-post-thumbnail","6":"product_cat-carreras","7":"product_cat-familiar","8":"product_tag-dados","10":"first","11":"instock","12":"taxable","13":"shipping-taxable","14":"purchasable","15":"product-type-simple"},"jetpack_sharing_enabled":true,"_links":{"self":[{"href":"https:\/\/veneludica.com\/index.php?rest_route=\/wp\/v2\/product\/5877","targetHints":{"allow":["GET"]}}],"collection":[{"href":"https:\/\/veneludica.com\/index.php?rest_route=\/wp\/v2\/product"}],"about":[{"href":"https:\/\/veneludica.com\/index.php?rest_route=\/wp\/v2\/types\/product"}],"replies":[{"embeddable":true,"href":"https:\/\/veneludica.com\/index.php?rest_route=%2Fwp%2Fv2%2Fcomments&post=5877"}],"version-history":[{"count":1,"href":"https:\/\/veneludica.com\/index.php?rest_route=\/wp\/v2\/product\/5877\/revisions"}],"predecessor-version":[{"id":5882,"href":"https:\/\/veneludica.com\/index.php?rest_route=\/wp\/v2\/product\/5877\/revisions\/5882"}],"wp:featuredmedia":[{"embeddable":true,"href":"https:\/\/veneludica.com\/index.php?rest_route=\/wp\/v2\/media\/5878"}],"wp:attachment":[{"href":"https:\/\/veneludica.com\/index.php?rest_route=%2Fwp%2Fv2%2Fmedia&parent=5877"}],"wp:term":[{"taxonomy":"product_brand","embeddable":true,"href":"https:\/\/veneludica.com\/index.php?rest_route=%2Fwp%2Fv2%2Fproduct_brand&post=5877"},{"taxonomy":"product_cat","embeddable":true,"href":"https:\/\/veneludica.com\/index.php?rest_route=%2Fwp%2Fv2%2Fproduct_cat&post=5877"},{"taxonomy":"product_tag","embeddable":true,"href":"https:\/\/veneludica.com\/index.php?rest_route=%2Fwp%2Fv2%2Fproduct_tag&post=5877"}],"curies":[{"name":"wp","href":"https:\/\/api.w.org\/{rel}","templated":true}]}}