{"id":5900,"date":"2026-01-12T02:49:54","date_gmt":"2026-01-12T02:49:54","guid":{"rendered":"https:\/\/veneludica.com\/?post_type=product&#038;p=5900"},"modified":"2026-01-12T02:49:55","modified_gmt":"2026-01-12T02:49:55","slug":"gotown","status":"publish","type":"product","link":"https:\/\/veneludica.com\/?product=gotown","title":{"rendered":"Gotown"},"content":{"rendered":"<p data-start=\"0\" data-end=\"100\"><strong data-start=\"0\" data-end=\"10\">GoTown<\/strong> es un juego de cartas de ego inmobiliario que invita a una competencia (poco) amistosa.<\/p>\n<p data-start=\"102\" data-end=\"508\" data-is-last-node=\"\" data-is-only-node=\"\">Cada jugador intenta construir primero una torre de cinco pisos. Cada piso se forma con dos cartas de piso colocadas lado a lado.<br data-start=\"231\" data-end=\"234\" \/>Est\u00e1 completamente permitido robar o destruir los pisos de otros jugadores, entre otras acciones especiales. Por eso, protege tu construcci\u00f3n con un perro guardi\u00e1n, juega el cami\u00f3n de donuts para mandar a todos a un descanso y \u00a1cuidado! No eres el \u00fanico que apunta al cielo\u2026<\/p>\n<p data-start=\"102\" data-end=\"508\" data-is-last-node=\"\" data-is-only-node=\"\"><a href=\"https:\/\/boardgamegeek.com\/boardgame\/235252\/gotown\">PAGINA BGG<\/a><\/p>\n<p><iframe title=\"Conociendo Gotown\" width=\"640\" height=\"360\" src=\"https:\/\/www.youtube.com\/embed\/Wgx1WaYXyRM?feature=oembed\" frameborder=\"0\" allow=\"accelerometer; autoplay; clipboard-write; encrypted-media; gyroscope; picture-in-picture; web-share\" referrerpolicy=\"strict-origin-when-cross-origin\" allowfullscreen><\/iframe><\/p>\n","protected":false},"excerpt":{"rendered":"<p>GoTown es un juego de cartas de ego inmobiliario que invita a una competencia (poco) amistosa. Cada jugador intenta construir primero una torre de cinco pisos. Cada piso se forma con dos cartas de piso colocadas lado a lado.Est\u00e1 completamente permitido robar o destruir los pisos de otros jugadores, entre otras acciones especiales. Por eso, protege tu construcci\u00f3n con un perro guardi\u00e1n, juega el cami\u00f3n de donuts para mandar a&hellip;<\/p>\n","protected":false},"featured_media":5901,"comment_status":"open","ping_status":"closed","template":"","meta":[],"product_brand":[],"product_cat":[88],"product_tag":[155],"class_list":{"0":"post-5900","1":"product","2":"type-product","3":"status-publish","4":"has-post-thumbnail","6":"product_cat-familiar","7":"product_tag-cartas","9":"first","10":"instock","11":"taxable","12":"shipping-taxable","13":"purchasable","14":"product-type-simple"},"jetpack_sharing_enabled":true,"_links":{"self":[{"href":"https:\/\/veneludica.com\/index.php?rest_route=\/wp\/v2\/product\/5900","targetHints":{"allow":["GET"]}}],"collection":[{"href":"https:\/\/veneludica.com\/index.php?rest_route=\/wp\/v2\/product"}],"about":[{"href":"https:\/\/veneludica.com\/index.php?rest_route=\/wp\/v2\/types\/product"}],"replies":[{"embeddable":true,"href":"https:\/\/veneludica.com\/index.php?rest_route=%2Fwp%2Fv2%2Fcomments&post=5900"}],"version-history":[{"count":1,"href":"https:\/\/veneludica.com\/index.php?rest_route=\/wp\/v2\/product\/5900\/revisions"}],"predecessor-version":[{"id":5904,"href":"https:\/\/veneludica.com\/index.php?rest_route=\/wp\/v2\/product\/5900\/revisions\/5904"}],"wp:featuredmedia":[{"embeddable":true,"href":"https:\/\/veneludica.com\/index.php?rest_route=\/wp\/v2\/media\/5901"}],"wp:attachment":[{"href":"https:\/\/veneludica.com\/index.php?rest_route=%2Fwp%2Fv2%2Fmedia&parent=5900"}],"wp:term":[{"taxonomy":"product_brand","embeddable":true,"href":"https:\/\/veneludica.com\/index.php?rest_route=%2Fwp%2Fv2%2Fproduct_brand&post=5900"},{"taxonomy":"product_cat","embeddable":true,"href":"https:\/\/veneludica.com\/index.php?rest_route=%2Fwp%2Fv2%2Fproduct_cat&post=5900"},{"taxonomy":"product_tag","embeddable":true,"href":"https:\/\/veneludica.com\/index.php?rest_route=%2Fwp%2Fv2%2Fproduct_tag&post=5900"}],"curies":[{"name":"wp","href":"https:\/\/api.w.org\/{rel}","templated":true}]}}