{"id":5986,"date":"2026-01-12T06:18:54","date_gmt":"2026-01-12T06:18:54","guid":{"rendered":"https:\/\/veneludica.com\/?post_type=product&#038;p=5986"},"modified":"2026-01-12T06:18:54","modified_gmt":"2026-01-12T06:18:54","slug":"juices","status":"publish","type":"product","link":"https:\/\/veneludica.com\/?product=juices","title":{"rendered":"Juices"},"content":{"rendered":"<p data-start=\"0\" data-end=\"284\">En <strong data-start=\"3\" data-end=\"13\">Juices<\/strong> asumes el papel de un <strong data-start=\"36\" data-end=\"56\">Maestro de Jugos<\/strong>, intentando preparar los mejores para hacer felices a las personas. Tu objetivo principal es obtener la <strong data-start=\"161\" data-end=\"202\">mayor puntuaci\u00f3n posible en los jugos<\/strong>, usando la mejor combinaci\u00f3n de frutas y complementos para que sean imparables.<\/p>\n<p data-start=\"286\" data-end=\"566\"><strong data-start=\"286\" data-end=\"296\">Juices<\/strong> es un juego de <strong data-start=\"312\" data-end=\"365\">gesti\u00f3n de mano, draft y construcci\u00f3n de patrones<\/strong>, en el que los jugadores intentan crear jugos combinando las frutas que juegan desde su mano. Cada jugador deber\u00e1 armar su propio <strong data-start=\"496\" data-end=\"512\">rompecabezas<\/strong> para maximizar los puntos de cada jugo que prepare.<\/p>\n<p data-start=\"568\" data-end=\"690\">Siempre entregas tu carta al jugador de tu derecha, pero cuando le permites hacer buenos jugos, \u00e9l puede <strong data-start=\"673\" data-end=\"687\">castigarte<\/strong>.<\/p>\n<p data-start=\"692\" data-end=\"815\">\u00bfLe dar\u00e1s una buena carta solo para poder tomar la que necesitas? \u00bfO tomar\u00e1s una peor carta para evitar que te castigue\u2026?<\/p>\n<p data-start=\"817\" data-end=\"875\" data-is-last-node=\"\" data-is-only-node=\"\">\u00a1Esto y mucho m\u00e1s te espera en cada partida de <strong data-start=\"864\" data-end=\"874\">Juices<\/strong>!<\/p>\n<p data-start=\"817\" data-end=\"875\" data-is-last-node=\"\" data-is-only-node=\"\"><a href=\"https:\/\/boardgamegeek.com\/boardgame\/287222\/juices\">PAGINA BGG<\/a><\/p>\n<p><iframe title=\"Conociendo Zumos\" width=\"640\" height=\"360\" src=\"https:\/\/www.youtube.com\/embed\/6BWGWYSmOHo?feature=oembed\" frameborder=\"0\" allow=\"accelerometer; autoplay; clipboard-write; encrypted-media; gyroscope; picture-in-picture; web-share\" referrerpolicy=\"strict-origin-when-cross-origin\" allowfullscreen><\/iframe><\/p>\n","protected":false},"excerpt":{"rendered":"<p>En Juices asumes el papel de un Maestro de Jugos, intentando preparar los mejores para hacer felices a las personas. Tu objetivo principal es obtener la mayor puntuaci\u00f3n posible en los jugos, usando la mejor combinaci\u00f3n de frutas y complementos para que sean imparables. Juices es un juego de gesti\u00f3n de mano, draft y construcci\u00f3n de patrones, en el que los jugadores intentan crear jugos combinando las frutas que juegan&hellip;<\/p>\n","protected":false},"featured_media":5987,"comment_status":"open","ping_status":"closed","template":"","meta":[],"product_brand":[],"product_cat":[88],"product_tag":[155,221],"class_list":{"0":"post-5986","1":"product","2":"type-product","3":"status-publish","4":"has-post-thumbnail","6":"product_cat-familiar","7":"product_tag-cartas","8":"product_tag-puzzle","10":"first","11":"instock","12":"taxable","13":"shipping-taxable","14":"purchasable","15":"product-type-simple"},"jetpack_sharing_enabled":true,"_links":{"self":[{"href":"https:\/\/veneludica.com\/index.php?rest_route=\/wp\/v2\/product\/5986","targetHints":{"allow":["GET"]}}],"collection":[{"href":"https:\/\/veneludica.com\/index.php?rest_route=\/wp\/v2\/product"}],"about":[{"href":"https:\/\/veneludica.com\/index.php?rest_route=\/wp\/v2\/types\/product"}],"replies":[{"embeddable":true,"href":"https:\/\/veneludica.com\/index.php?rest_route=%2Fwp%2Fv2%2Fcomments&post=5986"}],"version-history":[{"count":1,"href":"https:\/\/veneludica.com\/index.php?rest_route=\/wp\/v2\/product\/5986\/revisions"}],"predecessor-version":[{"id":5989,"href":"https:\/\/veneludica.com\/index.php?rest_route=\/wp\/v2\/product\/5986\/revisions\/5989"}],"wp:featuredmedia":[{"embeddable":true,"href":"https:\/\/veneludica.com\/index.php?rest_route=\/wp\/v2\/media\/5987"}],"wp:attachment":[{"href":"https:\/\/veneludica.com\/index.php?rest_route=%2Fwp%2Fv2%2Fmedia&parent=5986"}],"wp:term":[{"taxonomy":"product_brand","embeddable":true,"href":"https:\/\/veneludica.com\/index.php?rest_route=%2Fwp%2Fv2%2Fproduct_brand&post=5986"},{"taxonomy":"product_cat","embeddable":true,"href":"https:\/\/veneludica.com\/index.php?rest_route=%2Fwp%2Fv2%2Fproduct_cat&post=5986"},{"taxonomy":"product_tag","embeddable":true,"href":"https:\/\/veneludica.com\/index.php?rest_route=%2Fwp%2Fv2%2Fproduct_tag&post=5986"}],"curies":[{"name":"wp","href":"https:\/\/api.w.org\/{rel}","templated":true}]}}